 2*w**3/3 + w**2 + w - 1. Let a(d) = d + 4. Let g be a(-6). Let z = -4 - g. What is b(z)?
5
Suppose -4*r = -5*d + 44, -3*d + 6*d - 26 = 2*r. Let q(y) = -d - 8*y + 12*y - 3*y. Let f = 14 - 8. Give q(f).
-2
Let n(r) = -r**3 - 4*r**2 - r + 3. Suppose 5*a = 10 - 0. Suppose a*h = -2*u + 4, 3*h - 2*u = 6*h - 1. What is n(h)?
-3
Let y = -39 + 39. Let g(r) = -r - 7. What is g(y)?
-7
Let d(w) be the first derivative of -1/12*w**4 - 1/20*w**5 - 1/6*w**3 - 3/2*w**2 - 1 - 3*w. Let m(n) be the first derivative of d(n). What is m(0)?
-3
Let n be (5/(-5))/((-9)/12). Let u(i) be the first derivative of 0*i - n*i**3 + 3 - 3/2*i**2 - 1/4*i**4. Determine u(-3).
0
Let c(s) be the second derivative of -s**5/20 - s**4/3 + 5*s**3/6 + 7*s**2/2 + 6*s. What is c(-5)?
7
Let q(i) = 4*i**3 + 8*i**2 - 6. Let k(p) = 3*p**3 + 7*p**2 + p - 5. Let s(m) = -3*k(m) + 2*q(m). Determine s(-3).
-6
Let c be (-2 + 3)/((-3)/(-12)). Let s(t) = t**2 + 8*t. Let b(m) = -m - 1. Let w(z) = c*b(z) + s(z). Give w(-6).
8
Let c(s) = s**2 + 5*s + 8. Let r(z) = 1. Let b(w) = c(w) - 4*r(w). Suppose 3*p - 8 = 5*y + 6, -4*y + 32 = 3*p. Let o = p - 11. Calculate b(o).
-2
Let p(z) be the second derivative of -z + 0*z**2 - 1/40*z**5 + 0 - 1/8*z**4 - 1/2*z**3. Let t(f) be the second derivative of p(f). Calculate t(-3).
6
Let t(q) be the second derivative of -q**3/6 - q**2/2 - 19*q. What is t(-5)?
4
Suppose 0 = -0*d + 5*d - 20. Let s(h) be the third derivative of -2*h**2 - 1/24*h**d - 4/3*h**3 + 0*h + 0. Give s(-4).
-4
Let q be (-1 - -6) + (-5 - -4). Let t(b) = q*b - 3*b - 7*b + 0 + 1. Determine t(2).
-11
Let o(c) be the second derivative of -c**4/12 + c**3/3 - c**2 + 3*c. Calculate o(2).
-2
Let q(m) = m**3 - 17*m**2 - 19*m + 15. Let o be q(18). Let b(t) = t**3 + 3*t**2 + 4*t + 3. Determine b(o).
-9
Let i(o) = -2*o**3 + 3*o - 2*o + o**3 + o - 4*o**2 - 4. Let n be ((-56)/35)/((-2)/(-5)). Calculate i(n).
-12
Let k(f) be the first derivative of -9*f**2/2 - 14*f + 2. Let i(a) = -2 - 5*a + 2 + 2*a - 5. Let c(w) = 8*i(w) - 3*k(w). Give c(-2).
-4
Let h(s) = -s**2 - 5*s - 2. Let k(y) = y**3 - 5*y**2 + 4*y - 6. Let t be k(4). Let d = t - -3. Calculate h(d).
4
Let l = 145/24 + -6. Let u(h) be the third derivative of 1/3*h**3 + l*h**4 + 0 - h**2 + 0*h. Determine u(-5).
-3
Let s(r) = r**2 - r. Let j(x) = x**3 - 5*x**2 + 6*x - 4. Let k be j(4). Let d = k + -1. Give s(d).
6
Let p(t) = -5*t - 1. Let m(v) = 3*v + 3. Let j = -9 - -7. Let a be m(j). Let q = 2 + a. What is p(q)?
4
Let t(c) = -11*c + 5. Let k(u) = 5*u - 3. Let q(n) = -5*k(n) - 2*t(n). Determine q(-6).
23
Let o(v) = v**2 - v + 2. Let t be o(0). Suppose 6*f = 3*f + 9. Let d(k) = -1 + t*k**2 + 3 - 3 + k**f. What is d(1)?
2
Let r(w) = w**2 + 3*w - 5. Let f(q) = -q**2 + 6*q + 18. Let v be f(8). Suppose 3*k + v*k + 20 = -4*x, -x + 4 = -k. Give r(k).
-1
Let r(a) = a**3 + 3*a**2 + 3*a. Let p = -28 + 25. What is r(p)?
-9
Let q be 6/(-9) - (-5)/3. Let f(d) = -1 - d**2 + 8*d**3 + d - 9*d**3 + 0. Determine f(q).
-2
Suppose 0 = 5*y + 5*k - 25, 4*y - 2*k - 20 = -k. Suppose 0*h = 4*z + h + 4, -z - y*h = 20. Let p(d) = -4*d**2 - 1 + z - d**2. Calculate p(1).
-6
Let p(n) be the third derivative of -n**4/12 - n**2. Let x be p(1). Let y(t) = t**3 + t**2 - 3*t - 1. Determine y(x).
1
Let h(z) = -76*z**2 - 2 + 75*z**2 - 2 - 8*z. Calculate h(-6).
8
Let i be 15/2 + 1/2. Let p = i - 6. Let o(s) be the first derivative of s**2 - 15. Determine o(p).
4
Let m be (-3)/2*2/3. Let p(i) = -3*i**3 + 4*i**2 + 3*i. Let o(c) = 4*c**3 - 5*c**2 - 4*c. Let f(u) = 4*o(u) + 5*p(u). Give f(m).
0
Let b(z) be the first derivative of 2*z**3/3 + 2*z**2 + 74. Let y = 1 + -4. What is b(y)?
6
Let h(j) = j**2 - 4*j - 1. Suppose 2*t + 0*t + 10 = 0. Let s = -1 - t. Let r be h(s). Let m(u) = -6*u**3. What is m(r)?
6
Let w = -2 + 1. Let c(b) = -b + 1. Let k(v) = -v + 1. Let a(m) = -4*c(m) + 5*k(m). Calculate a(w).
2
Let r(f) = 5*f - 10. Let j(u) = -4*u + 8. Let p(b) = -4*j(b) - 3*r(b). Give p(4).
2
Let c(m) be the third derivative of -m**5/30 - m**4/12 - m**3/2 + 8*m**2. What is c(-2)?
-7
Let s be -1*1 + (-21)/(-7 - -4). Let t(a) = -a**3 + 7*a**2 - 7*a - 4. Determine t(s).
-10
Let h(t) = t**2 + t + 6. Let m = 2 - 5. Let p = -3 - m. Give h(p).
6
Suppose 0 = 3*q + 3. Let j(d) be the third derivative of 0*d**3 + 0 + 0*d + 10*d**2 - 11/24*d**4. Determine j(q).
11
Let p(t) = 2*t**3 - 7*t**2 + 7*t - 13. Let k(l) = l**3 - 4*l**2 + 4*l - 6. Let d(o) = -5*k(o) + 3*p(o). Suppose 0 = -n - n + 14. Let v = n + -7. Calculate d(v).
-9
Let s(d) = -d**2 - 7*d + 6. Suppose 0 = -w - 0 - 8. Let i be s(w). Let y(h) = -h**2 + h. Calculate y(i).
-6
Let f(i) = -i**2 - 9*i - 2. Let z be f(-4). Suppose 3*d = -3*l - 2*d + z, 5*l + 3*d = 30. Let w(s) = 2*s - 9. Calculate w(l).
3
Suppose -2*n - 4*o = 0, -3*n + 4*o + 60 = n. Let a = -7 + n. Let u(m) = -2*m**2 - 4*m - 3. Let z(w) = -w**2 - w - 1. Let s(j) = a*z(j) - u(j). Determine s(0).
0
Let a(d) be the third derivative of -d**5/60 - d**4/24 + d**3/3 + 11*d**2. Determine a(2).
-4
Let f(o) = -12*o - 12. Let n(t) = t + 1. Let h(w) = 2*f(w) + 27*n(w). Determine h(-3).
-6
Suppose -5*j = g + 19, 3*j - 8 = -2*g - 25. Let q(l) = -3*l + 1. Give q(j).
10
Let a(k) = -7*k**3 - 2*k**2 + k + 17. Let b(c) = c**3 - c**2 - 1. Let j(u) = a(u) + 6*b(u). Calculate j(-8).
3
Let s(r) = 3*r**2 - 17*r + 18. Let p(f) = 2*f**2 - 11*f + 12. Let d(u) = 7*p(u) - 5*s(u). Determine d(7).
1
Let j(z) be the third derivative of z**4/24 + z**3/6 - 21*z**2. Determine j(-5).
-4
Let a be ((15/(-9))/(-5))/1. Let c(u) be the first derivative of -1/2*u**2 + 1 + 11/4*u**4 - u + a*u**3. Determine c(-1).
-10
Let z(b) = b**3 + 5*b**2 + 3*b + 1. Suppose 4 = m - 2. Suppose 4*i + m = -c, -i = 2*c - c + 3. Let h be (4/(-3))/(c/(-6)). Calculate z(h).
5
Let h(y) = 0 - 2*y - 3 - 3 + 0*y. Let s = -26 + 21. Give h(s).
4
Let m(n) = n**3 + 4*n**2 - 12. Let x(c) = -c**2. Let h(b) = -m(b) - 5*x(b). Give h(0).
12
Let j = 10 + -5. Suppose 0 + 20 = -j*s. Let g be (-6)/(-8) + (-1)/s. Let m(a) = -a**3 - a + 1. What is m(g)?
-1
Let n(s) be the first derivative of 1/8*s**4 + 0*s + 1/6*s**3 - 1/60*s**5 + 4 - 1/2*s**2. Let l(k) be the second derivative of n(k). Calculate l(4).
-3
Let m(o) = 50493*o + 0 - 50491*o - 3. Let t be (1/2)/((-1)/(-10)). Calculate m(t).
7
Let n(p) = -7*p. Let k(b) = b**3 + 10*b**2 - 10*b + 10. Let v be k(-11). What is n(v)?
7
Let f(q) = 14 - 6*q + 2*q**3 - 5*q**2 - 6 - q**3. Suppose 3*j - l - 12 = j, -5*j + 30 = 2*l. What is f(j)?
8
Let s(x) = -2 - 3*x**2 + 3*x - x**3 + 0*x**3 + x + 3*x**3. Calculate s(2).
10
Let z be (2/(-6))/(2/(-18)). Suppose 0*b = -z*b + 3. Let f(a) be the second derivative of a**5/4 - a. Calculate f(b).
5
Let p(u) = u + 3. Suppose 0*k + 5 = k. Suppose 2*i - i = -k*d + 64, 2*i = 8. Suppose d + 0 = -4*l. Give p(l).
0
Let t = 35 + -26. Let o(d) = -d + 9. What is o(t)?
0
Suppose -h - 2*h = 27. Let i(w) = w + 10. Let k be i(h). Let x(p) = -2*p**2 - p + 1. Calculate x(k).
-2
Let p(o) = -3 + 2 - 1 + 3 + 2*o. What is p(5)?
11
Let b(a) = -9*a**2 + 6*a. Let v(s) = -8*s**2 + 5*s. Let x(q) = 4*b(q) - 5*v(q). Determine x(1).
3
Suppose 5*o + 14 + 61 = 0. Let v be 0*(o/(-6))/(-5). Let h(d) = d**3 + d**2 - d + 5. Calculate h(v).
5
Let i = 3 + -5. Let h(r) be the first derivative of 2*r**3/3 + 3*r**2/2 + 49. What is h(i)?
2
Suppose -2*a - 6 = -2. Let p(d) = d**2 - 1. Let g(i) = -2*i - 1 - 3*i**2 - 1 + 1. Let q(k) = g(k) + 2*p(k). What is q(a)?
-3
Let q(g) = -g**3 - 7*g**2 + 8*g - 6. Suppose 3*v + 5*b = -4, 3*b = -3*v - 9 - 3. Calculate q(v).
-6
Suppose -4*n = -5*f + 16, n - 2 = -1. Let c(s) = -s**3 + 5*s**2 - 2*s - 5. What is c(f)?
3
Let k(s) = 6*s + 1. Let j(m) = 7*m. Let o(w) = 5*j(w) - 6*k(w). Let r be 32/15 + 12/(-90). Let i = r + -6. What is o(i)?
-2
Let t(s) = -s**3 - 8*s**2 - 6. Let q = -150 - -142. Calculate t(q).
-6
Let k(y) be the third derivative of 0 + 4/3*y**3 + 1/8*y**4 + 0*y - 1/60*y**5 - 2*y**2. What is k(6)?
-10
Suppose -5*x + 4*x + 5 = 0. Suppose 2*n - 14 = -3*t, 2*t - t - x*n = -1. Let g(u) = 7*u + t - 4*u - 3. Calculate g(-1).
-2
Let q(a) be the second derivative of -a**3/6 + 3*a**2 + a. Suppose 0 = 4*o - 5*f + 12, -8 = -o - 2*f + 2. Let j be o/7 + 4/(-14). Calculate q(j).
6
Let d(v) be the second derivative of v**4/12 - v**3 + 3*v**2/2 - 7*v. Calculate d(6).
3
Let w(d) = d**3 - d**2 - d + 4. Suppose 